actors of 1910?
2, 5, 191
What are the prime factors of 4500?
2, 3, 5
What are the prime factors of 8?
2
List the prime factors of 4458.
2, 3, 743
List the prime factors of 3365.
5, 673
What are the prime factors of 20816?
2, 1301
What are the prime factors of 26296?
2, 19, 173
What are the prime factors of 12963?
3, 29, 149
What are the prime factors of 84326?
2, 11, 3833
What are the prime factors of 12955?
5, 2591
List the prime factors of 1128.
2, 3, 47
What are the prime factors of 8904?
2, 3, 7, 53
List the prime factors of 2099.
2099
What are the prime factors of 69684?
2, 3, 5807
What are the prime factors of 19614?
2, 3, 7, 467
What are the prime factors of 37350?
2, 3, 5, 83
List the prime factors of 20376.
2, 3, 283
List the prime factors of 11741.
59, 199
List the prime factors of 760.
2, 5, 19
What are the prime factors of 7967?
31, 257
What are the prime factors of 413?
7, 59
List the prime factors of 55129.
29, 1901
List the prime factors of 2970.
2, 3, 5, 11
What are the prime factors of 1596?
2, 3, 7, 19
List the prime factors of 117082.
2, 7, 8363
List the prime factors of 37468.
2, 17, 19, 29
What are the prime factors of 3010?
2, 5, 7, 43
What are the prime factors of 1423?
1423
What are the prime factors of 5837?
13, 449
List the prime factors of 46428.
2, 3, 53, 73
What are the prime factors of 4001?
4001
What are the prime factors of 5678?
2, 17, 167
What are the prime factors of 57?
3, 19
What are the prime factors of 27641?
131, 211
List the prime factors of 11628.
2, 3, 17, 19
List the prime factors of 1397.
11, 127
List the prime factors of 3638.
2, 17, 107
List the prime factors of 27614.
2, 13807
What are the prime factors of 1472?
2, 23
List the prime factors of 1418.
2, 709
What are the prime factors of 810?
2, 3, 5
What are the prime factors of 7689?
3, 11, 233
List the prime factors of 525.
3, 5, 7
List the prime factors of 26942.
2, 19, 709
List the prime factors of 23820.
2, 3, 5, 397
List the prime factors of 2174.
2, 1087
List the prime factors of 85595.
5, 17, 19, 53
List the prime factors of 34635.
3, 5, 2309
List the prime factors of 42090.
2, 3, 5, 23, 61
List the prime factors of 931.
7, 19
List the prime factors of 508.
2, 127
List the prime factors of 42207.
3, 11, 1279
What are the prime factors of 45867?
3, 15289
What are the prime factors of 74812?
2, 59, 317
What are the prime factors of 55329?
3, 18443
What are the prime factors of 2069?
2069
List the prime factors of 383.
383
What are the prime factors of 148?
2, 37
List the prime factors of 776.
2, 97
What are the prime factors of 6054?
2, 3, 1009
List the prime factors of 102493.
17, 6029
List the prime factors of 7936.
2, 31
List the prime factors of 550.
2, 5, 11
What are the prime factors of 10679?
59, 181
List the prime factors of 1197.
3, 7, 19
List the prime factors of 100092.
2, 3, 19, 439
List the prime factors of 11972.
2, 41, 73
What are the prime factors of 4377?
3, 1459
What are the prime factors of 2986?
2, 1493
What are the prime factors of 11095?
5, 7, 317
List the prime factors of 5445.
3, 5, 11
What are the prime factors of 3748?
2, 937
What are the prime factors of 8596?
2, 7, 307
What are the prime factors of 765?
3, 5, 17
What are the prime factors of 1375?
5, 11
What are the prime factors of 45427?
45427
List the prime factors of 8007.
3, 17, 157
List the prime factors of 14076.
2, 3, 17, 23
What are the prime factors of 41018?
2, 20509
What are the prime factors of 1457?
31, 47
List the prime factors of 54563.
54563
What are the prime factors of 35387?
11, 3217
What are the prime factors of 1396?
2, 349
List the prime factors of 1226.
2, 613
List the prime factors of 21700.
2, 5, 7, 31
What are the prime factors of 5850?
2, 3, 5, 13
What are the prime factors of 7596?
2, 3, 211
What are the prime factors of 78248?
2, 9781
List the prime factors of 29816.
2, 3727
What are the prime factors of 226?
2, 113
What are the prime factors of 34597?
29, 1193
List the prime factors of 644.
2, 7, 23
What are the prime factors of 6264?
2, 3, 29
List the prime factors of 2427.
3, 809
List the prime factors of 164331.
3, 19, 31
List the prime factors of 61215.
3, 5, 7, 11, 53
What are the prime factors of 77882?
2, 7, 5563
List the prime factors of 30389.
30389
What are the prime factors of 2048?
2
What are the prime factors of 8203?
13, 631
List the prime factors of 150.
2, 3, 5
List the prime factors of 93721.
17, 37, 149
List the prime factors of 1740.
2, 3, 5, 29
List the prime factors of 37556.
2, 41, 229
What are the prime factors of 3574?
2, 1787
What are the prime factors of 1514?
2, 757
What are the prime factors of 5804?
2, 1451
What are the prime factors of 4564?
2, 7, 163
What are the prime factors of 10881?
3, 13, 31
What are the prime factors of 686?
2, 7
What are the prime factors of 3494?
2, 1747
List the prime factors of 1011.
3, 337
What are the prime factors of 3446?
2, 1723
What are the prime factors of 1070?
2, 5, 107
List the prime factors of 38420.
2, 5, 17, 113
What are the prime factors of 9860?
2, 5, 17, 29
What are the prime factors of 6756?
2, 3, 563
What are the prime factors of 25261?
25261
What are the prime factors of 1553?
1553
List the prime factors of 562.
2, 281
List the prime factors of 31621.
103, 307
List the prime factors of 45397.
11, 4127
What are the prime factors of 8804?
2, 31, 71
List the prime factors of 2367.
3, 263
What are the prime factors of 24989?
24989
What are the prime factors of 7085?
5, 13, 109
List the prime factors of 1032.
2, 3, 43
List the prime factors of 105915.
3, 5, 23, 307
What are the prime factors of 66136?
2, 7, 1181
What are the prime factors of 521?
521
What are the prime factors of 2392?
2, 13, 23
List the prime factors of 11795.
5, 7, 337
What are the prime factors of 878?
2, 439
List the prime factors of 9048.
2, 3, 13, 29
List the prime factors of 31770.
2, 3, 5, 353
List the prime factors of 1134.
2, 3, 7
What are the prime factors of 445?
5, 89
List the prime factors of 3196.
2, 17, 47
List the prime factors of 5072.
2, 317
List the prime factors of 48366.
2, 3, 2687
What are the prime factors of 2306?
2, 1153
What are the prime factors of 76081?
76081
What are the prime factors of 20447?
7, 23, 127
What are the prime factors of 2097?
3, 233
List the prime factors of 7888.
2, 17, 29
What are the prime factors of 13323?
3, 4441
List the prime factors of 11955.
3, 5, 797
What are the prime factors of 5687?
11, 47
What are the prime factors of 2027?
2027
What are the prime factors of 10022?
2, 5011
List the prime factors of 3614.
2, 13, 139
List the prime factors of 538.
2, 269
What are the prime factors of 8095?
5, 1619
What are the prime factors of 3973?
29, 137
What are the prime factors of 14937?
3, 13, 383
What are the prime factors of 5584?
2, 349
List the prime factors of 110127.
3, 36709
List the prime factors of 31621.
103, 307
List the prime factors of 139.
139
What are the prime factors of 11272?
2, 1409
What are the prime factors of 441?
3, 7
What are the prime factors of 2468?
2, 617
List the prime factors of 80938.
2, 11, 13, 283
What are the prime factors of 44117?
157, 281
What are the prime factors of 122457?
3, 40819
List the prime factors of 33864.
2, 3, 17, 83
What are the prime factors of 3809?
13, 293
What are the prime factors of 3703?
7, 23
List the prime factors of 6333.
3, 2111
What are the prime factors of 7265?
5, 1453
What are the prime factors of 337?
337
List the prime factors of 403.
13, 31
What are the prime factors of 2497?
11, 227
List the prime factors of 1852.
2, 463
What are the prime factors of 2381?
2381
What are the prime factors of 2725?
5, 109
What are the prime factors of 100999?
100999
List the prime factors of 25109.
7, 17, 211
What are the prime factors of 96271?
7, 17, 809
List the prime factors of 1734.
2, 3, 17
What are the prime factors of 6108?
2, 3, 509
List the prime factors of 1192.
2, 149
List the prime factors of 30634.
2, 17, 53
What are the prime factors of 2109?
3, 19, 37
List the prime factors of 54212.
2, 13553
What are the prime factors of 10801?
7, 1543
List the prime factors of 1898.
2, 13, 73
What are the prime factors of 29883?
3, 7, 1423
List the prime factors of 5079.
3, 1693
List the prim